 76*n + 1. Let q be p(-2). Let m = q - d. What is the units digit of m?
1
Suppose -4 = m + l + 2, 5*l - 24 = 4*m. Let h be m + (2 - (4 + -1)). What is the units digit of 874/5 + h/(-35)?
5
Let u be 1 + 243 + 2/((-4)/(-10)). Suppose -3521 = -26*a + u. What is the hundreds digit of a?
1
What is the thousands digit of (-360 - 17)/(2 - (-885)/(-440))?
3
Let f be 41 + (-4 - (1 - 2)). Suppose -z - 208 = -3*z. Suppose y - f - 91 = 3*b, y - z = -2*b. What is the tens digit of y?
1
Let k(a) = 801*a - 4810. What is the thousands digit of k(43)?
9
Let a(x) = -140*x + 10. Let h(o) = 140*o - 12. Let g(i) = 3*a(i) + 2*h(i). What is the tens digit of g(-1)?
4
Let w = -1066 - -9917. What is the thousands digit of w?
8
Suppose -2*l = -3*g + 2*l + 35, 0 = g - 2*l - 15. Let c(v) = -29 + g + 9 + 13 + 37*v. What is the hundreds digit of c(7)?
2
Suppose 3*h - 46 = 8. Suppose -h*l + 79 = -17*l. What is the units digit of l/(((-12)/(-8))/((-6)/(-4)))?
9
Suppose -2*x + 9 = 2*x + p, 2*x + 3*p - 7 = 0. Suppose 565 + 40 = o + x*z, 0 = -3*o - 3*z + 1800. What is the tens digit of o?
9
Suppose m + 16 = 3*m + 2*a, -2*m + 11 = a. What is the units digit of (-1)/3 - (-2032)/m?
7
Let m(h) = h - 21. Let d be m(19). Let c = 97 + d. What is the units digit of c?
5
Suppose 2*i - 5*i = 19*i - 900438. What is the thousands digit of i?
0
Let n be (-4)/10 - ((-132)/(-20) + 2). Let z = n + 21. Let y(t) = -t**3 + 12*t**2 + 9*t - 26. What is the units digit of y(z)?
2
Suppose 0 = 5*i - 5*w - 10510, 6 + 0 = 2*w. Suppose 5*l + 3495 = 5*r, -2*r + 5*l = r - i. What is the hundreds digit of r?
6
Let w(n) = n**2 + 12*n + 7. Let j be w(-11). Let o be (-88)/(-28) - j/(-28). Suppose -2*t = 4*l - 552 - 144, 356 = 2*l - o*t. What is the units digit of l?
5
Suppose -24 = -n - 19. Let k be (-543)/(-30)*n - (-2)/(-4). Suppose -5*f + 440 + k = 0. What is the tens digit of f?
0
Suppose -2*u + 2 = 0, 0*y + 4*y + 5*u = 10485. Let a = -1498 + y. What is the hundreds digit of a?
1
Let k be 44/198 + 2500/9. Suppose -4*l + 162 = o - 59, 5*l + 3*o = k. What is the tens digit of l?
5
Let v(x) = 2*x - 6*x**3 + x**3 + 7*x**3 + 5 + 4*x**2 - 1. Let b be v(5). Suppose t - b = -3*t. What is the units digit of t?
1
Let o = 19 + -33. Suppose 18 = 3*y + 2*r, 12*r - 14*r = 5*y - 34. What is the tens digit of (6/o - y/14)*-124?
2
Suppose p + 1774 - 38664 = -5*d, 2*d + p - 14759 = 0. What is the units digit of d?
7
Let g(l) = 25*l**3 + l**2 - l. Let f be g(1). Let b = f + -22. Suppose 0 = -b*w - 4*j + 1 + 6, -2*j = -3*w + 37. What is the units digit of w?
9
Let s(k) = -k + 15. Let c be s(13). Suppose c*v - 3570 = -5*v. What is the tens digit of 30/4*(v/18 + -1)?
0
Let s = -2863 - -7976. What is the tens digit of s?
1
Let o be 3*-1*(-5 + 4). Suppose 2*n - 390 = n + 3*d, 3*n - o*d - 1152 = 0. What is the tens digit of n?
8
Let l = -31 - -60. Suppose -9 = 5*t - l. What is the tens digit of t - (-32 - -2) - -4?
3
Suppose 3*z + 72972 = -51*g + 55*g, -3*z = 24. What is the units digit of g?
7
Let p(z) = -z**2 + 17*z + 60. Let c be p(-3). Suppose c*j + 10*j - 10030 = 0. What is the hundreds digit of j?
0
Let h(y) = -197*y**3 + 2*y**2 + 4*y + 3. Suppose 3*t + 13 = 19. Suppose 0 = -t*n + 17 - 19. What is the hundreds digit of h(n)?
1
Let j(t) = t**3 + 9*t**2 - 26*t. Let p be j(-11). What is the tens digit of 1 - 8 - (-32076)/p?
2
Let x(y) be the third derivative of y**5/3 + y**4/12 - 7*y**3/3 - 59*y**2. What is the tens digit of x(-6)?
9
Let z be 9/2*2020/6. Let v = z + -1075. What is the hundreds digit of v?
4
Let o(m) = 5*m**3 + 5*m**2 - 2*m - 4. Let l(a) = -11*a**3 - 11*a**2 + 4*a + 8. Let y(u) = -6*l(u) - 13*o(u). What is the units digit of y(0)?
4
Let n(l) = -2*l - 63. Let a be n(-19). Let h = a + 367. What is the units digit of h?
2
Suppose 5*u = 12 + 3. Suppose -3*y + 1099 = -4*i, 2*y - u*i - 484 - 248 = 0. Suppose 8*q - y = 231. What is the units digit of q?
5
Suppose -4*a + t = -26 - 24, 2*a - 2*t = 28. Suppose -a*u - 888 = -14*u. What is the hundreds digit of u?
4
Suppose -59*c - 8 = -57*c. Let d be 42/c*12/(-7). What is the tens digit of d*(-85)/(-40) - (-1)/(-4)?
3
Suppose -21 = 5*g + 2*i, 4*i - 36 + 39 = 3*g. What is the units digit of 678 - (1 - 24/(18/g))?
3
Let o(y) be the first derivative of 1/4*y**4 + 6*y**3 - 11 - 7*y - 21/2*y**2. What is the tens digit of o(-19)?
3
Let i = 26 + -40. Let q be i/1*(-6 + 5). What is the tens digit of (11 - q)*(149/(-3) + 1)?
4
Suppose z + 11 = 3*j, -6*z + 11*z + j - 25 = 0. Suppose 2*q - l - 1454 = -3*l, z*q - 2913 = -5*l. What is the tens digit of q?
2
Suppose -o = -3*j - 0*j + 531, 341 = 2*j - 5*o. Let n = -172 + j. What is the units digit of n?
6
What is the units digit of 996/(-10)*5*-1*4699/74?
3
Let n(k) = k**2 + 16*k - 103. Let z be n(-21). What is the units digit of ((-69)/(-12))/(z/((-1088)/(-4)))?
2
Let w(l) be the third derivative of -l**6/120 - 2*l**5/3 - 79*l**4/24 - 10*l**3/3 + 112*l**2. What is the units digit of w(-38)?
4
Let a = -101 - -43. Suppose 7*q = 2422 - 574. Let l = a + q. What is the units digit of l?
6
Suppose v + 64 = -5*r + 3*v, 5*v - 58 = 4*r. Let a be r/24 + (-11)/2. What is the tens digit of a/(-18)*(-4 - -637)?
1
Let f = -5544 + 5735. What is the units digit of f?
1
Let y be (56/(-6))/(8/624). Let m = -218 - y. What is the units digit of m?
0
Let y = -37 - -40. Suppose -4*h + 286 = y*t - 0*t, 0 = 5*t + 10. What is the tens digit of h?
7
Let l(x) = -647*x - 150. What is the units digit of l(-14)?
8
Let x = 273 + -264. Suppose 0 = -x*v + 6*v + g + 1551, 0 = -v - g + 521. What is the hundreds digit of v?
5
Let o be ((-6)/(-10))/((-1)/(-5)). Suppose 2*d + 1 = o. What is the units digit of (-2)/((d/(-3))/((-2)/(-3)))?
4
Let v = 209 - 206. Suppose i - 1828 = -v*p, -4*i = -p + 809 - 217. What is the tens digit of p?
0
Let m(g) = -244*g**3 - 3*g**2 - g + 1. Let u be m(-1). Suppose 164 = x - u. What is the tens digit of x?
0
Let t be 2 + ((-4)/(-3))/((-2)/(-597)). Suppose 8*x = 1952 - t. What is the hundreds digit of x + 0/4 + -1?
1
Let z = 208 + -208. Let w(j) = 3*j**3 + 493. What is the tens digit of w(z)?
9
Let d(a) = 589*a + 10208. What is the hundreds digit of d(19)?
3
Let n = 265 - 255. What is the units digit of n/(-8*(-3)/144)?
0
Let k = -92 - -96. Let o(v) = 40*v + 4. Let g be o(5). What is the tens digit of (-1)/((-5)/(g - k))?
4
What is the units digit of 398925/30 - 10/(-20)?
8
Let y be 6*2/4*(-20)/3. Let m be (-2)/(-8) + (-75)/y. What is the tens digit of (-1162)/(-22) - m - 4/(-22)?
4
Suppose 0 = 5*i - 5*z + 2070, -i + 4*z - 512 + 89 = 0. Let y(r) = -r**3 - 16*r + 23. Let m be y(6). Let v = m - i. What is the units digit of v?
2
Let j(q) be the first derivative of -q**4/4 - 2*q**3/3 + 7*q**2 + 3*q + 450. Suppose 3*h + 33 = -3*p, -5*h - 3*p = 40 + 5. What is the tens digit of j(h)?
6
Let x(g) = 7*g**3 + 7*g**2 + 11*g - 36. Let i(s) = -3*s**3 - 3*s**2 - 5*s + 17. Let n(h) = 5*i(h) + 2*x(h). What is the units digit of n(-6)?
1
Let z = -22719 + 47272. What is the thousands digit of z?
4
Let y be 393197/91 - 8/(-52). Suppose 11*v - y = -460. What is the tens digit of v?
5
Suppose -q + 16 = -3*q. Let j(i) = i**3 + 9*i**2 + 6*i + 7. Let f be j(q). Suppose 0 = 2*p - f - 11. What is the tens digit of p?
1
Suppose 0 = 5*t + 378 - 48. Let w = t - -33. What is the tens digit of -2 + w/55 + 588/5?
1
What is the tens digit of (-69)/(-184) + ((-512865)/(-40) - -6)?
2
Let s be -1 + (4/22 - (-54)/66). Suppose 11*j - 4487 - 1200 = s. What is the units digit of j?
7
Let h(q) = -8*q - 10. Let i be h(-1). What is the hundreds digit of (3996/(-30))/(i/5)?
3
Let q = -98028 - -181485. What is the tens digit of q?
5
Suppose 32*j = 28*j + 5*g + 31878, 3*g = -2*j + 15928. What is the units digit of j?
7
What is the tens digit of 12/24 - 180369/(-6)?
6
Suppose 0 = -61*v - 166*v + 4432629. What is the tens digit of v?
2
Suppose 19*t - 2110 = 1956. Suppose -785 = -o + t. What is the hundreds digit of o?
9
Suppose 6*v - 2*v = -2*w + 14, -v = 0. Suppose 2410 = w*t - 138. What is the tens digit of t?
6
Let a(o) = 6*o**2 + 32*o + 201. Let k = 101 + -109. What is the units digit of a(k)?
9
Let d be -3 - -8 - (1331 - -3). Let h = d - -1946. Suppose 0 = -3*o + 3*s + 2*s + h, 1050 = 5*o - 4*s. What is the tens digit of o?
1
Let c = 321 - 316. Suppose -c*l + 1036 + 49 = 0. What